is divided by 86.
6
Calculate the remainder when 348 is divided by 8.
4
What is the remainder when 603 is divided by 115?
28
Calculate the remainder when 100 is divided by 18.
10
What is the remainder when 736 is divided by 20?
16
What is the remainder when 3214 is divided by 67?
65
Calculate the remainder when 107 is divided by 52.
3
Calculate the remainder when 18274 is divided by 215.
214
What is the remainder when 446 is divided by 65?
56
What is the remainder when 148 is divided by 57?
34
Calculate the remainder when 1230 is divided by 20.
10
What is the remainder when 121 is divided by 25?
21
What is the remainder when 5118 is divided by 40?
38
Calculate the remainder when 417 is divided by 11.
10
Calculate the remainder when 466 is divided by 47.
43
Calculate the remainder when 5333 is divided by 21.
20
Calculate the remainder when 56 is divided by 15.
11
Calculate the remainder when 569 is divided by 11.
8
What is the remainder when 74 is divided by 38?
36
Calculate the remainder when 250 is divided by 132.
118
What is the remainder when 415 is divided by 72?
55
Calculate the remainder when 317 is divided by 19.
13
What is the remainder when 50206 is divided by 59?
56
Calculate the remainder when 12682 is divided by 11.
10
What is the remainder when 485 is divided by 38?
29
What is the remainder when 2198 is divided by 44?
42
What is the remainder when 799 is divided by 160?
159
Calculate the remainder when 2545 is divided by 150.
145
What is the remainder when 2072 is divided by 34?
32
What is the remainder when 3080 is divided by 309?
299
Calculate the remainder when 58 is divided by 41.
17
What is the remainder when 62 is divided by 22?
18
What is the remainder when 88 is divided by 25?
13
What is the remainder when 3148 is divided by 105?
103
What is the remainder when 179 is divided by 96?
83
What is the remainder when 127 is divided by 29?
11
What is the remainder when 249 is divided by 28?
25
Calculate the remainder when 131 is divided by 131.
0
Calculate the remainder when 426 is divided by 21.
6
Calculate the remainder when 38343 is divided by 66.
63
What is the remainder when 8581 is divided by 106?
101
Calculate the remainder when 361 is divided by 203.
158
What is the remainder when 325 is divided by 96?
37
Calculate the remainder when 530 is divided by 133.
131
What is the remainder when 1175 is divided by 184?
71
What is the remainder when 2187 is divided by 24?
3
What is the remainder when 460 is divided by 80?
60
What is the remainder when 88 is divided by 26?
10
What is the remainder when 798 is divided by 49?
14
What is the remainder when 156 is divided by 27?
21
Calculate the remainder when 1639 is divided by 10.
9
Calculate the remainder when 426 is divided by 86.
82
What is the remainder when 190 is divided by 12?
10
What is the remainder when 388 is divided by 44?
36
What is the remainder when 753 is divided by 135?
78
What is the remainder when 1288 is divided by 40?
8
What is the remainder when 72 is divided by 31?
10
Calculate the remainder when 271 is divided by 66.
7
What is the remainder when 1227 is divided by 15?
12
What is the remainder when 69 is divided by 14?
13
Calculate the remainder when 31039 is divided by 52.
47
Calculate the remainder when 861 is divided by 294.
273
What is the remainder when 148 is divided by 129?
19
What is the remainder when 88570 is divided by 23?
20
Calculate the remainder when 518 is divided by 174.
170
What is the remainder when 69 is divided by 38?
31
What is the remainder when 269 is divided by 15?
14
Calculate the remainder when 3891 is divided by 7.
6
Calculate the remainder when 394 is divided by 155.
84
What is the remainder when 391 is divided by 88?
39
What is the remainder when 1556 is divided by 38?
36
What is the remainder when 191 is divided by 62?
5
Calculate the remainder when 5022 is divided by 16.
14
What is the remainder when 87 is divided by 26?
9
What is the remainder when 395 is divided by 50?
45
Calculate the remainder when 13377 is divided by 12.
9
Calculate the remainder when 2259 is divided by 29.
26
Calculate the remainder when 45 is divided by 23.
22
Calculate the remainder when 1348 is divided by 5.
3
What is the remainder when 294 is divided by 78?
60
Calculate the remainder when 367 is divided by 217.
150
What is the remainder when 198 is divided by 20?
18
Calculate the remainder when 106 is divided by 28.
22
Calculate the remainder when 363 is divided by 13.
12
Calculate the remainder when 780 is divided by 174.
84
What is the remainder when 77 is divided by 8?
5
Calculate the remainder when 525 is divided by 44.
41
What is the remainder when 566 is divided by 185?
11
What is the remainder when 1225 is divided by 82?
77
Calculate the remainder when 304 is divided by 42.
10
What is the remainder when 502 is divided by 495?
7
What is the remainder when 186 is divided by 40?
26
What is the remainder when 1624 is divided by 278?
234
What is the remainder when 524 is divided by 23?
18
Calculate the remainder when 813 is divided by 809.
4
What is the remainder when 96 is divided by 42?
12
Calculate the remainder when 17288 is divided by 91.
89
What is the remainder when 296 is divided by 72?
8
What is the remainder when 47 is divided by 9?
2
What is the remainder when 3204 is divided by 229?
227
Calculate the remainder when 97 is divided by 50.
47
What is the remainder when 491 is divided by 38?
35
What is the remainder when 878 is divided by 249?
131
Calculate the remainder when 101 is divided by 57.
44
Calculate the remainder when 19 is divided by 8.
3
Calculate the remainder when 672 is divided by 144.
96
Calculate the remainder when 204 is divided by 23.
20
Calculate the remainder when 149 is divided by 20.
9
What is the remainder when 172 is divided by 22?
18
Calculate the remainder when 854 is divided by 22.
18
Calculate the remainder when 211 is divided by 36.
31
What is the remainder when 1421 is divided by 40?
21
Calculate the remainder when 245 is divided by 62.
59
Calculate the remainder when 209 is divided by 43.
37
Calculate the remainder when 81 is divided by 50.
31
Calculate the remainder when 296 is divided by 60.
56
Calculate the remainder when 538 is divided by 90.
88
What is the remainder when 17846 is divided by 23?
21
Calculate the remainder when 138 is divided by 40.
18
Calculate the remainder when 2934 is divided by 109.
100
Calculate the remainder when 1106 is divided by 124.
114
What is the remainder when 124 is divided by 21?
19
Calculate the remainder when 117 is divided by 31.
24
Calculate the remainder when 2028 is divided by 518.
474
What is the remainder when 122 is divided by 75?
47
Calculate the remainder when 730 is divided by 122.
120
What is the remainder when 1337 is divided by 136?
113
What is the remainder when 255 is divided by 197?
58
What is the remainder when 176 is divided by 45?
41
What is the remainder when 7806 is divided by 57?
54
What is the remainder when 3988 is divided by 13?
10
Calculate the remainder when 98 is divided by 29.
11
What is the remainder when 513 is divided by 508?
5
What is the remainder when 1619 is divided by 21?
2
What is the remainder when 57 is divided by 8?
1
Calculate the remainder when 279 is divided by 88.
15
What is the remainder when 725 is divided by 52?
49
Calculate the remainder when 550 is divided by 182.
4
Calculate the remainder when 1401 is divided by 23.
21
Calculate the remainder when 16909 is divided by 5632.
13
What is the remainder when 351 is divided by 142?
67
What is the remainder when 156 is divided by 21?
9
What is the remainder when 17279 is divided by 9?
8
What is the remainder when 59 is divided by 36?
23
Calculate the remainder when 1611 is divided by 778.
55
What is the remainder when 9 is divided by 5?
4
Calculate the remainder when 21227 is divided by 116.
115
What is the remainder when 18 is divided by 7?
4
Calculate the remainder when 117 is divided by 56.
5
What is the remainder when 1565 is divided by 1555?
10
Calculate the remainder when 2171 is divided by 85.
46
Calculate the remainder when 189 is divided by 5.
4
Calculate the remainder when 1917 is divided by 128.
125
Calculate the remainder when 50 is divided by 16.
2
What is the remai